{"id":63,"date":"2024-03-02T15:01:31","date_gmt":"2024-03-02T15:01:31","guid":{"rendered":"https:\/\/tails-and-treasures.homeforstrays.ro\/?page_id=63"},"modified":"2024-04-26T16:13:16","modified_gmt":"2024-04-26T16:13:16","slug":"home","status":"publish","type":"page","link":"https:\/\/tails-and-treasures.homeforstrays.ro\/","title":{"rendered":"Home"},"content":{"rendered":"\n<p class=\"has-text-align-center has-contrast-2-color has-text-color has-link-color has-large-font-size wp-elements-eac2020975996a43fba25ad2efa5b568\">T\u00e2rgul caritabil Tails &amp; Treasures <\/p>\n\n\n\n<p class=\"has-text-align-center\">V\u0103&nbsp;invit\u0103m&nbsp;la&nbsp;prima&nbsp;edi\u021bie&nbsp;a&nbsp;t\u00e2rgului&nbsp;caritabil pentru&nbsp;anim\u0103lu\u021be, Tails &amp; Treasures!<\/p>\n\n\n\n<div class=\"wp-block-columns is-layout-flex wp-container-core-columns-layout-1 wp-block-columns-is-layout-flex\">\n<div class=\"wp-block-column is-layout-flow wp-block-column-is-layout-flow\" style=\"flex-basis:100%\">\n<div class=\"wp-block-group is-vertical is-content-justification-center is-layout-flex wp-container-core-group-layout-1 wp-block-group-is-layout-flex\">\n<p class=\"has-text-align-center\">T\u00e2rgul&nbsp;caritabil&nbsp;vine&nbsp;\u00een&nbsp;sprijinul&nbsp;ad\u0103postului&nbsp;de&nbsp;c\u00e2ini&nbsp;Simona&#8217;s Strays.<\/p>\n<\/div>\n<\/div>\n<\/div>\n\n\n\n<div style=\"height:15px\" aria-hidden=\"true\" class=\"wp-block-spacer\"><\/div>\n\n\n\n<p class=\"has-text-align-center\" style=\"font-style:normal;font-weight:700\">PRIETENII&nbsp;NO\u0218TRI&nbsp;CU&nbsp;BLAN\u0102&nbsp;V\u0102&nbsp;A\u0218TEAPT\u0102 PE<\/p>\n\n\n\n<p class=\"has-text-align-center has-contrast-2-color has-text-color has-link-color wp-elements-114dd8832da3300c2f184dab6baf4d75\" style=\"font-style:normal;font-weight:500\">28 APRILIE, IN INTERVALUL 11:00 &#8211; 17:00<\/p>\n\n\n\n<p class=\"has-text-align-center has-medium-font-size\" style=\"font-style:normal;font-weight:700\">CU<\/p>\n\n\n\n<div class=\"wp-block-group is-content-justification-center is-nowrap is-layout-flex wp-container-core-group-layout-2 wp-block-group-is-layout-flex\">\n<ul style=\"margin-top:0;margin-right:0;margin-bottom:0;margin-left:0\" class=\"is-style-default\">\n<li class=\"has-medium-font-size\"><em>Art\u0103&nbsp;f\u0103cut\u0103&nbsp;cu&nbsp;inima<\/em><\/li>\n\n\n\n<li class=\"has-medium-font-size\"><em>Col\u021bul m\u00e2nc<em>\u0103<\/em>cio\u0219ilor<\/em><\/li>\n\n\n\n<li class=\"has-medium-font-size\"><em>Devoratorii de&nbsp;c\u0103r\u021bi<\/em><\/li>\n\n\n\n<li class=\"has-medium-font-size\">Decora\u021biuni&nbsp;Hai-Hui<\/li>\n\n\n\n<li class=\"has-medium-font-size\"><em>Mod\u0103&nbsp;sustenabil\u0103<\/em><\/li>\n<\/ul>\n<\/div>\n\n\n\n<p class=\"has-text-align-center\"><strong>LA BARCICLETA, STR. BRAZDA LUI NOVAC NR. 75, CRAIOVA<\/strong><\/p>\n\n\n\n<p class=\"has-text-align-center\"><strong>V\u0102&nbsp;A\u0218TEPT\u0102M!<\/strong><\/p>\n\n\n\n<p class=\"has-text-align-center has-medium-font-size\">PENTRU A&nbsp;FI&nbsp;LA&nbsp;CURENT CU&nbsp;TOT&nbsp;CE&nbsp;\u021aINE&nbsp;DE&nbsp;T\u00c2RGUL&nbsp;CARITABIL, NE&nbsp;PUTE\u021aI&nbsp;URM\u0102RI&nbsp;PE&nbsp;PAGINA&nbsp;NOASTR\u0102&nbsp;DE FACEBOOK<\/p>\n\n\n\n<div class=\"wp-block-group is-content-justification-center is-nowrap is-layout-flex wp-container-core-group-layout-3 wp-block-group-is-layout-flex\">\n<figure class=\"wp-block-image size-full is-resized wp-duotone-duotone-2\"><a href=\"https:\/\/www.facebook.com\/profile.php?id=61556521062103\" target=\"_blank\" rel=\"noreferrer noopener\"><img loading=\"lazy\" decoding=\"async\" width=\"32\" height=\"32\" src=\"https:\/\/tails-and-treasures.homeforstrays.ro\/wp-content\/uploads\/2024\/03\/facebook_32_32.png\" alt=\"\" class=\"wp-image-121\" style=\"width:32px;height:auto\"\/><\/a><\/figure>\n<\/div>\n","protected":false},"excerpt":{"rendered":"<p>T\u00e2rgul caritabil Tails &amp; Treasures V\u0103&nbsp;invit\u0103m&nbsp;la&nbsp;prima&nbsp;edi\u021bie&nbsp;a&nbsp;t\u00e2rgului&nbsp;caritabil pentru&nbsp;anim\u0103lu\u021be, Tails &amp; Treasures! T\u00e2rgul&nbsp;caritabil&nbsp;vine&nbsp;\u00een&nbsp;sprijinul&nbsp;ad\u0103postului&nbsp;de&nbsp;c\u00e2ini&nbsp;Simona&#8217;s Strays. PRIETENII&nbsp;NO\u0218TRI&nbsp;CU&nbsp;BLAN\u0102&nbsp;V\u0102&nbsp;A\u0218TEAPT\u0102 PE 28 APRILIE, IN INTERVALUL 11:00 &#8211; 17:00 CU LA BARCICLETA, STR. BRAZDA LUI NOVAC NR. 75, CRAIOVA V\u0102&nbsp;A\u0218TEPT\u0102M! PENTRU A&nbsp;FI&nbsp;LA&nbsp;CURENT CU&nbsp;TOT&nbsp;CE&nbsp;\u021aINE&nbsp;DE&nbsp;T\u00c2RGUL&nbsp;CARITABIL, NE&nbsp;PUTE\u021aI&nbsp;URM\u0102RI&nbsp;PE&nbsp;PAGINA&nbsp;NOASTR\u0102&nbsp;DE FACEBOOK<\/p>\n","protected":false},"author":1,"featured_media":0,"parent":0,"menu_order":0,"comment_status":"closed","ping_status":"closed","template":"","meta":{"footnotes":""},"_links":{"self":[{"href":"https:\/\/tails-and-treasures.homeforstrays.ro\/index.php\/wp-json\/wp\/v2\/pages\/63"}],"collection":[{"href":"https:\/\/tails-and-treasures.homeforstrays.ro\/index.php\/wp-json\/wp\/v2\/pages"}],"about":[{"href":"https:\/\/tails-and-treasures.homeforstrays.ro\/index.php\/wp-json\/wp\/v2\/types\/page"}],"author":[{"embeddable":true,"href":"https:\/\/tails-and-treasures.homeforstrays.ro\/index.php\/wp-json\/wp\/v2\/users\/1"}],"replies":[{"embeddable":true,"href":"https:\/\/tails-and-treasures.homeforstrays.ro\/index.php\/wp-json\/wp\/v2\/comments?post=63"}],"version-history":[{"count":38,"href":"https:\/\/tails-and-treasures.homeforstrays.ro\/index.php\/wp-json\/wp\/v2\/pages\/63\/revisions"}],"predecessor-version":[{"id":372,"href":"https:\/\/tails-and-treasures.homeforstrays.ro\/index.php\/wp-json\/wp\/v2\/pages\/63\/revisions\/372"}],"wp:attachment":[{"href":"https:\/\/tails-and-treasures.homeforstrays.ro\/index.php\/wp-json\/wp\/v2\/media?parent=63"}],"curies":[{"name":"wp","href":"https:\/\/api.w.org\/{rel}","templated":true}]}}

<p class="has-text-align-center has-contrast-2-color has-text-color has-link-color has-large-font-size wp-elements-eac2020975996a43fba25ad2efa5b568">Târgul caritabil Tails &amp; Treasures </p>



<p class="has-text-align-center">Vă&nbsp;invităm&nbsp;la&nbsp;prima&nbsp;ediție&nbsp;a&nbsp;târgului&nbsp;caritabil pentru&nbsp;animăluțe, Tails &amp; Treasures!</p>



<div class="wp-block-columns is-layout-flex wp-container-core-columns-layout-1 wp-block-columns-is-layout-flex">
<div class="wp-block-column is-layout-flow wp-block-column-is-layout-flow" style="flex-basis:100%">
<div class="wp-block-group is-vertical is-content-justification-center is-layout-flex wp-container-core-group-layout-1 wp-block-group-is-layout-flex">
<p class="has-text-align-center">Târgul&nbsp;caritabil&nbsp;vine&nbsp;în&nbsp;sprijinul&nbsp;adăpostului&nbsp;de&nbsp;câini&nbsp;Simona&#8217;s Strays.</p>
</div>
</div>
</div>



<div style="height:15px" aria-hidden="true" class="wp-block-spacer"></div>



<p class="has-text-align-center" style="font-style:normal;font-weight:700">PRIETENII&nbsp;NOȘTRI&nbsp;CU&nbsp;BLANĂ&nbsp;VĂ&nbsp;AȘTEAPTĂ PE</p>



<p class="has-text-align-center has-contrast-2-color has-text-color has-link-color wp-elements-114dd8832da3300c2f184dab6baf4d75" style="font-style:normal;font-weight:500">28 APRILIE, IN INTERVALUL 11:00 &#8211; 17:00</p>



<p class="has-text-align-center has-medium-font-size" style="font-style:normal;font-weight:700">CU</p>



<div class="wp-block-group is-content-justification-center is-nowrap is-layout-flex wp-container-core-group-layout-2 wp-block-group-is-layout-flex">
<ul style="margin-top:0;margin-right:0;margin-bottom:0;margin-left:0" class="is-style-default">
<li class="has-medium-font-size"><em>Artă&nbsp;făcută&nbsp;cu&nbsp;inima</em></li>



<li class="has-medium-font-size"><em>Colțul mânc<em>ă</em>cioșilor</em></li>



<li class="has-medium-font-size"><em>Devoratorii de&nbsp;cărți</em></li>



<li class="has-medium-font-size">Decorațiuni&nbsp;Hai-Hui</li>



<li class="has-medium-font-size"><em>Modă&nbsp;sustenabilă</em></li>
</ul>
</div>



<p class="has-text-align-center"><strong>LA BARCICLETA, STR. BRAZDA LUI NOVAC NR. 75, CRAIOVA</strong></p>



<p class="has-text-align-center"><strong>VĂ&nbsp;AȘTEPTĂM!</strong></p>



<p class="has-text-align-center has-medium-font-size">PENTRU A&nbsp;FI&nbsp;LA&nbsp;CURENT CU&nbsp;TOT&nbsp;CE&nbsp;ȚINE&nbsp;DE&nbsp;TÂRGUL&nbsp;CARITABIL, NE&nbsp;PUTEȚI&nbsp;URMĂRI&nbsp;PE&nbsp;PAGINA&nbsp;NOASTRĂ&nbsp;DE FACEBOOK</p>



<div class="wp-block-group is-content-justification-center is-nowrap is-layout-flex wp-container-core-group-layout-3 wp-block-group-is-layout-flex">
<figure class="wp-block-image size-full is-resized wp-duotone-duotone-2"><a href="https://www.facebook.com/profile.php?id=61556521062103" target="_blank" rel="noreferrer noopener"><img loading="lazy" decoding="async" width="32" height="32" src="https://tails-and-treasures.homeforstrays.ro/wp-content/uploads/2024/03/facebook_32_32.png" alt="" class="wp-image-121" style="width:32px;height:auto"/></a></figure>
</div>

<p>Târgul caritabil Tails &amp; Treasures Vă&nbsp;invităm&nbsp;la&nbsp;prima&nbsp;ediție&nbsp;a&nbsp;târgului&nbsp;caritabil pentru&nbsp;animăluțe, Tails &amp; Treasures! Târgul&nbsp;caritabil&nbsp;vine&nbsp;în&nbsp;sprijinul&nbsp;adăpostului&nbsp;de&nbsp;câini&nbsp;Simona&#8217;s Strays. PRIETENII&nbsp;NOȘTRI&nbsp;CU&nbsp;BLANĂ&nbsp;VĂ&nbsp;AȘTEAPTĂ PE 28 APRILIE, IN INTERVALUL 11:00 &#8211; 17:00 CU LA BARCICLETA, STR. BRAZDA LUI NOVAC NR. 75, CRAIOVA VĂ&nbsp;AȘTEPTĂM! PENTRU A&nbsp;FI&nbsp;LA&nbsp;CURENT CU&nbsp;TOT&nbsp;CE&nbsp;ȚINE&nbsp;DE&nbsp;TÂRGUL&nbsp;CARITABIL, NE&nbsp;PUTEȚI&nbsp;URMĂRI&nbsp;PE&nbsp;PAGINA&nbsp;NOASTRĂ&nbsp;DE FACEBOOK</p>
